9956. Is q prime?
False
Let o be (75/5)/(-5) - -5. Let x be (2 - 1 - o) + 6. Suppose -x*k + 140 = 5*s, 5*s - 11 - 4 = 0. Is k a prime number?
False
Suppose -38*x - 332620 = -1334642. Is x a prime number?
False
Suppose -309 + 99 = 5*g. Let t = g - -42. Suppose 8*z - 2037 - 7955 = t. Is z prime?
True
Suppose 67488 = 22*g - 33*g + 312106. Is g a prime number?
False
Suppose 0 = 7*g + 519 + 482. Is (-2)/(-13) - 47311/g a composite number?
False
Suppose 3*t + 82536 = 5*t - 2*x, -123809 = -3*t + 2*x. Is t a prime number?
False
Is ((-50)/(-15))/(2/3)*3704396/20 prime?
True
Let b(m) = m**2 - 6*m - 50. Let s be b(13). Let t(p) = -p**3 + 43*p**2 - 43*p - 100. Is t(s) a prime number?
True
Let h = 2397 - -6406. Is h prime?
True
Let y(f) = 444*f**3 + f**2 - 3*f + 5. Let c be y(2). Let b = 2065 - c. Let d = 2113 + b. Is d a composite number?
True
Suppose -2*i + 3*b + 1669693 = 0, 37*b + 4174306 = 5*i + 40*b. Is i composite?
False
Is 71362/2 + (45 + -15 - 40) composite?
False
Let s = -4537 - -35235. Is s composite?
True
Let a(j) = -13*j**3 - 12*j**2 - 5*j + 11. Let k(o) = -o - 1. Let g be k(-11). Suppose 0 = -f - t - g, 36 = -4*f + 3*t + 3. Is a(f) a prime number?
False
Let x(m) = -2*m**3 + 66*m**2 - 33*m - 58. Let v(u) = u**3 - 33*u**2 + 16*u + 29. Let c(t) = 5*v(t) + 2*x(t). Is c(33) composite?
False
Suppose -1 = l, 8*j - 5*j - 94 = -5*l. Let v = j + 304. Is v a composite number?
False
Suppose -167461 - 198851 = -3*r - 3*f, -5*r = f - 610508. Is r composite?
True
Let v(r) = 491*r**3 + 8*r**2 + 2*r + 7. Is v(4) a prime number?
True
Suppose 30*l + 6958904 - 28106207 - 4294227 = 0. Is l prime?
True
Suppose -209*r - 161 = -216*r. Suppose -r*l + 16805 + 14498 = 0. Is l prime?
True
Suppose -y + 2*n - 36 = 4*n, -y + 5*n - 15 = 0. Let c = y + 34. Suppose o - c*i = -19 + 430, -2*i - 8 = 0. Is o composite?
True
Let u = 14281 - 1925. Suppose -3*j = 3*v + 2*j - u, 4*j = 5*v - 20655. Is v prime?
True
Let s be 1*(18*4/6 - 2). Is s/(-35) - 8595/(-21) composite?
False
Let n(u) = -9622*u**3 - 2*u**2 + 12*u + 17. Is n(-2) composite?
False
Let z = 170156 + -91139. Is z composite?
True
Suppose 0 = 5*a - 3*m - 6 - 12, 0 = 2*a - 5*m - 11. Suppose a*k + 6 = -9. Is -3 + (-3 - 755/k) composite?
True
Suppose 4*m - 6*m + 5*g = -14, 3*m - 30 = 3*g. Let t(u) = 116*u**2 - 12*u + 41. Is t(m) a composite number?
True
Let u = -115612 - -244425. Is u composite?
False
Let a(k) = 8538*k**3 - 40*k**2 + 121*k + 10. Is a(3) a prime number?
True
Suppose -59594 = -4529*z + 4527*z. Is z a composite number?
True
Suppose -3 = -q, 2*x + 7 = x - q. Is (-4)/(-10)*x*9663/(-12) prime?
True
Let m(o) be the first derivative of o**2 - 6*o + 9. Let k be m(4). Suppose -5*g - k*p + 3027 - 191 = 0, -2276 = -4*g - 4*p. Is g composite?
True
Suppose d - 271508 = 3*q + 678773, -5*d + 4751405 = 4*q. Is d composite?
False
Is (-377514)/(-5) - 4/(-20) prime?
True
Let u(d) = -48444*d - 6631. Is u(-16) composite?
True
Let f = 47091 + -9180. Is f a composite number?
True
Let a = -633 + 640. Let j(p) = 4123*p + 102. Is j(a) prime?
False
Let j(v) = 3740*v - 17. Let o be j(3). Suppose -7079 - o = -6*t. Is t a composite number?
True
Let y(s) = -3*s**3 - 8*s**2 + 4*s + 1. Let v be y(-3). Let k be (-14)/(-6) + (-1)/3. Is (-1 - v)/(2/5098) + k a composite number?
False
Suppose 5*s + 3*b - 14704 = 0, 0 = -b - 6 + 9. Is s prime?
True
Suppose -t + 9130 = -5*q - 24841, 3*t - 2*q - 101887 = 0. Is t a composite number?
False
Let v = 343 - 143. Let c = v + -153. Is c prime?
True
Suppose -4*v + 4*f = -30848, 0 = -4*v + f + 14958 + 15905. Is v a composite number?
False
Suppose 55*i = 29*i + 754. Suppose 36*a - 73178 = i*a. Is a a prime number?
False
Suppose -17*w = -15*w + 10722. Let g be (0 - 1)*(0 + w). Let f = 1312 + g. Is f a composite number?
False
Is -1*6 + 87448921/345 - (-4)/(-30) prime?
True
Let q be 2/((-6)/18*2/1). Is ((-5 - -17)/q - -1136) + -6 composite?
True
Let r(t) = 11237*t**2 + 12*t - 11. Let z be r(2). Suppose -5*h + z = 2*h. Is h prime?
False
Suppose -m + 3*w + 520 = 7*w, 5*m = 2*w + 2490. Let d be ((-45)/6)/((-5)/m). Suppose -2*f - 5*q + 637 = -104, -2*f + 4*q = -d. Is f a composite number?
False
Suppose 12*x = 8*x + 16. Let b be -267643 + ((-12)/3)/x. Is (b/(-16))/13*2*2 a composite number?
False
Let m be (-3)/6 - ((-7)/(-2) - 2). Let v be 12/(-9)*m*126/24. Is (6 - 4)*-109*v/(-4) a composite number?
True
Let j = 59 - 29. Is (-2)/12 + 109865/j composite?
True
Suppose 2*o + 2*l = 3*o - 31, -5*o - l = -100. Let v be 98 - (-2)/(-1*2). Let b = o + v. Is b a prime number?
False
Let z be (((-110)/(-15))/11)/(2/60). Let r be (0 - -3)*(-4)/z*-5. Suppose i + 3*i + 4*c = 352, -2*c - 269 = -r*i. Is i prime?
True
Let p(n) = 4*n**3 - 4*n + 5. Let b be (0 + -6)*(-1 - (-5)/10). Let h be p(b). Let s = h + 540. Is s a composite number?
False
Suppose 5*w + 2*g + 753641 = 0, -4*w - 602911 = 5*g - 4*g. Let b = 211998 + w. Is b a composite number?
True
Suppose -i + 2*i - 307 = -5*k, i = -k + 315. Let s = 1152 - 426. Let d = s - i. Is d composite?
False
Let b = 878 - -257. Suppose 3041 + 1968 = j + 4*g, 0 = -2*j - 3*g + 10018. Suppose -2*l = -j + b. Is l a prime number?
False
Suppose -3*k - 379042 = -u, 2*u - 5*k - 256675 = 501404. Is u prime?
False
Let j be -2*(-2)/(-8)*-6. Let l = 802 + -284. Suppose d = -2*g - 3*d + l, 5*g - 1267 = -j*d. Is g a prime number?
True
Suppose -3915 = 30*l - 231525. Let u = 11329 - l. Is u a composite number?
True
Let a = 1715 + -3889. Let i = 271 + a. Is i/(8/(-48) + 5/(-6)) a prime number?
False
Let t(a) be the second derivative of 25*a**4/12 + 2*a**3/3 + 4*a**2 - 34*a. Let k be t(5). Suppose 1558 = 3*u - k. Is u prime?
False
Suppose 78*q - 65*q = -39*q + 16059316. Is q prime?
False
Suppose 3*u - 35277 = -4*a - 2*u, 2*a + 5*u - 17651 = 0. Let v = a + -4224. Is v a prime number?
False
Let r(i) = -i**3 - i**2 + 5*i - 6. Let f be r(1). Let t(h) = -9*h**2 + 8*h - 4. Let u(d) = -10*d**2 + 8*d - 5. Let j(n) = 2*t(n) - 3*u(n). Is j(f) composite?
False
Let y be 1 - -1 - 1 - 9. Suppose 8*c - 27 = 5*c - 9*z, 0 = 4*c - 3*z + 69. Is ((-580)/y)/((-6)/c) prime?
False
Let p(q) be the first derivative of -295*q**3/6 - 3*q**2/2 - 33*q - 11. Let r(j) be the first derivative of p(j). Is r(-2) composite?
False
Suppose 4*z - 405 = 4559. Is z composite?
True
Suppose -136 = -l + 5*n + 1275, 0 = 4*n - 8. Let u be 23/((-357)/l + (-2)/(-7)). Suppose 0 = -0*y - 5*y + s + 1650, 2*y - u = -s. Is y prime?
True
Suppose 68*k - 21777 = 61*k. Let g = -1568 + k. Is g a prime number?
True
Let a(v) = 3790*v. Let h be a(1). Let x be ((-16)/2 + 12)*1. Suppose -x*z = -2*z - h. Is z a composite number?
True
Let w be 1*(11 - 6)*2. Suppose -4*t + w*t - 12894 = 0. Is t composite?
True
Let n(z) = 44*z**2 - 39*z - 757. Is n(-74) a composite number?
False
Let r = -164388 + 246647. Is r prime?
False
Is (0 - 4/(-4))/(30/1234770) prime?
False
Let q(k) = 2741*k**3 + 2*k**2 - 3*k + 1. Suppose l - 2*l - 16 = -3*p, 4*p = -l + 26. Suppose p*t + 10 = 16. Is q(t) a composite number?
False
Is (-1)/8 + (300/(-18))/(240/(-186525)) prime?
True
Let k = 948 - 943. Let r be -2 + (-12)/(-3) + 26. Suppose -a - r = 3*l - 146, 570 = k*a - 5*l. Is a a prime number?
False
Let c(r) = 3286*r + 2385. Is c(26) a composite number?
True
Let u(m) = 2*m + 46. Let x be u(-20). Let t(k) = k**3 - 5*k**2 - 7*k + 8. Let g be t(6). Suppose -g*d - 364 = -x*d. Is d a prime number?
False
Let r(c) = -12*c - 43. Let q be r(-4). Let z(d) = -d**3 + 3*d**2 + 13*d - 5. Let p be z(q). Suppose -9445 = -p*w - 1475. Is w a prime number?
True
Suppose -3*d - 15 = 5*h, 5*d = 7*h - 3*h + 12. Suppose 47349 = 9*q - d*q. Is q prime?
True
Suppose -6*g = -19*g + 3029. Suppose 17 = -5*k - 8, 2*q - g = 3*k. Is q prime?
True
Let g(l) = 148*l - 13. Let c be g(32). Suppose -9702 = -5*d + c. Is d a composite number?
True
Let c(x) = -9*x**3 + 18*x**2 + 14*x + 311. Is c(-36) a composite number?
False
Suppose -v = -2*u + 25, 2*u + 3*v = 3*u - 15. Let h be ((-3)/(-9)*-2)/((-2)/u). Suppose 3*p = h*c - p - 2856, -3*c + 4*p = -2137. Is c a composite number?
False
Let f = 34 - 33. Is 13221/3 + (4 + -2)*f composite?
False
Let w(g) = 263*g**2 + 11*g - 671. Is w(27) composite?
False
Is ((-6402492)/(-4) - -6)*(9 - 156/18) a prime number?
True
Let w(f) = -2*f. Let v(g) = 2372*g**2 - 11*g + 13. Let o(q) = v(q) - 2*w(q). Is o(